43
What is 56d8 (base 16) in base 15?
68c2
Convert -73a (base 12) to base 11.
-879
Convert -dc (base 16) to base 11.
-190
Convert 3a6 (base 11) to base 9.
582
Convert -27681 (base 9) to base 7.
-105523
5bc6 (base 14) to base 5
1003200
-20100 (base 4) to base 16
-210
What is -dfa5 (base 16) in base 2?
-1101111110100101
Convert 1243 (base 7) to base 8.
730
What is 11124 (base 5) in base 13?
489
What is -1101101011 (base 2) in base 4?
-31223
Convert -8142 (base 10) to base 6.
-101410
-1363 (base 9) to base 2
-10000000101
-99 (base 13) to base 6
-330
-737 (base 8) to base 11
-3a6
Convert -26346 (base 7) to base 8.
-15601
What is -1314 (base 16) in base 2?
-1001100010100
Convert -24689 (base 11) to base 12.
-18605
20101110 (base 3) to base 7
16401
What is -6a53 (base 13) in base 6?
-153100
What is 8991 (base 10) in base 15?
29e6
What is -2556 (base 10) in base 14?
-d08
16344 (base 7) to base 14
1994
Convert 11123 (base 4) to base 5.
2342
Convert -2308 (base 12) to base 7.
-14234
-2642 (base 7) to base 11
-839
Convert 33021 (base 5) to base 13.
104c
-1031013 (base 4) to base 3
-20202210
What is 4025 (base 8) in base 14?
a7b
Convert -23330 (base 4) to base 7.
-2141
Convert -12105 (base 7) to base 11.
-23a6
What is 22bc (base 16) in base 13?
4080
-15614 (base 7) to base 6
-32245
What is 2103 (base 9) in base 11?
1182
What is 1010101101 (base 2) in base 7?
1666
What is 326531 (base 7) in base 8?
160314
What is -474 (base 16) in base 15?
-510
What is -3131111 (base 4) in base 5?
-423130
533 (base 6) to base 14
105
-100111000011100 (base 2) to base 13
-9142
2e0 (base 16) to base 8
1340
What is 10101 (base 5) in base 12?
463
What is 3944 (base 14) in base 9?
14713
-1400 (base 5) to base 10
-225
Convert -2122211 (base 3) to base 11.
-1503
Convert -11002 (base 3) to base 16.
-6e
What is -970 (base 14) in base 11?
-1443
502 (base 14) to base 10
982
What is -2506 (base 10) in base 13?
-11aa
-32013 (base 5) to base 8
-4125
Convert 40236 (base 8) to base 15.
4d7c
Convert 5861 (base 13) to base 6.
133252
Convert -201 (base 15) to base 3.
-121201
What is -20441 (base 5) in base 11?
-1037
Convert 3c6 (base 14) to base 7.
2136
Convert 2653 (base 7) to base 3.
1101201
Convert -3331 (base 4) to base 3.
-100101
631a (base 13) to base 6
143252
Convert 2003 (base 8) to base 3.
1102001
Convert -2022000 (base 3) to base 15.
-769
-400023 (base 5) to base 11
-9446
What is -5035 (base 7) in base 3?
-2101111
What is 1222210 (base 5) in base 11?
16670
2882 (base 11) to base 3
12002210
What is -2120033 (base 4) in base 2?
-10011000001111
What is 14057 (base 10) in base 5?
422212
What is -1145 (base 15) in base 16?
-e51
Convert -3230000 (base 4) to base 8.
-35400
Convert -c8 (base 16) to base 13.
-125
Convert 3c6 (base 13) to base 8.
1235
Convert 102220222 (base 3) to base 15.
2898
What is 1978 (base 13) in base 4?
323221
-1110001100101 (base 2) to base 3
-100222020
1192a (base 11) to base 5
1021333
What is -11120200 (base 3) in base 10?
-3339
What is -10311 (base 4) in base 6?
-1233
Convert -2021110 (base 3) to base 14.
-867
Convert -533021 (base 6) to base 4.
-22212211
What is 14a (base 14) in base 10?
262
8223 (base 9) to base 3
22020210
-14 (base 15) to base 10
-19
Convert -3110 (base 6) to base 9.
-846
Convert -8ab (base 14) to base 11.
-1323
What is -20420 (base 8) in base 14?
-3128
Convert 31a1 (base 13) to base 14.
2723
-8904 (base 11) to base 14
-43c9
Convert 131a (base 11) to base 8.
3263
Convert -33142 (base 5) to base 9.
-3132
Convert -101453 (base 6) to base 2.
-1111111101001
Convert 408e (base 15) to base 6.
143042
What is 666 (base 11) in base 10?
798
What is -104051 (base 6) in base 8?
-20737
4616 (base 7) to base 13
9c2
17a (base 13) to base 12
1a6
What is -300 (base 6) in base 4?
-1230
What is 104 (base 6) in base 2?
101000
Convert -18b34 (base 12) to base 13.
-13615
Convert 103312 (base 4) to base 6.
5514
-fee7 (base 16) to base 5
-4042010
111100022 (base 3) to base 12
5768
What is 4b3 (base 16) in base 15?
553
Convert -1570 (base 13) to base 9.
-4261
What is b0b (base 14) in base 16?
877
What is a5 (base 11) in base 7?
223
What is -1298 (base 12) in base 7?
-6134
Convert 142506 (base 7) to base 11.
19602
What is 224 (base 6) in base 4?
1120
What is -313 (base 6) in base 3?
-11100
Convert -3634 (base 8) to base 3.
-2200011
Convert 2120020 (base 3) to base 9.
2506
What is 504040 (base 6) in base 10?
39768
-1621 (base 11) to base 3
-2212001
What is -409 (base 13) in base 14?
-36d
Convert 4106 (base 15) to base 12.
7b43
-361a (base 11) to base 2
-1001010000100
What is -6a7 (base 13) in base 15?
-51b
Convert -241 (base 11) to base 14.
-167
-1022200 (base 3) to base 15
-443
What is 1771 (base 9) in base 12?
954
What is 318 (base 11) in base 16?
17e
What is 1644 (base 13) in base 8?
6303
-498f (base 16) to base 11
-1316a
Convert -23111 (base 4) to base 11.
-5aa
Convert -101011001101 (base 2) to base 8.
-5315
Convert -6002 (base 10) to base 5.
-143002
What is 7281 (base 11) in base 7?
40062
2a6 (base 11) to base 14
1b8
What is 1458 (base 10) in base 3?
2000000
-789 (base 13) to base 16
-510
What is 6b7 (base 12) in base 7?
2632
-1033 (base 5) to base 9
-168
-26744 (base 8) to base 14
-43d2
a61d (base 15) to base 6
430344
a0 (base 11) to base 2
1101110
What is 222111 (base 3) in base 4?
23023
Convert cf (base 16) to base 10.
207
What is -131100 (base 6) in base 9?
-17310
Convert -19340 (base 11) to base 15.
-801c
Convert 151005 (base 6) to base 3.
201212012
4ab0 (base 15) to base 10
15915
What is -10255 (base 11) in base 5?
-434233
-11266 (base 10) to base 9
-16407
7687 (base 9) to base 3
21202221
-220135 (base 6) to base 2
-100011100011011
What is 2911 (base 11) in base 8?
7263
-243240 (base 5) to base 7
-35544
1803 (base 14) to base 2
1000011011011
Convert 6532 (base 14) to base 8.
42120
2a1 (base 11) to base 10
353
1213344 (base 5) to base 6
254210
1010111110 (base 2) to base 4
22332
What is -100102021 (base 3) in base 11?
-5181
Convert -22433 (base 5) to base 15.
-72d
What is 30e2 (base 16) in base 2?
11000011100010
Convert -47d (base 14) to base 5.
-12040
-11cc (base 14) to base 6
-22240
What is -33ab (base 15) in base 16?
-2ad1
Convert -1032 (base 7) to base 4.
-11232
-3358 (base 13) to base 14
-2883
-3363a (base 12) to base 5
-4141202
242c (base 14) to base 8
14250
2344 (base 6) to base 14
2c8
What is 11001101 (base 3) in base 2?
101110001001
-d56 (base 15) to base 9
-4110
14360 (base 14) to base 2
1100001110010000
Convert -4881 (base 10) to base 7.
-20142
-d88 (base 16) to base 9
-4668
Convert 10748 (base 9) to base 11.
5430
Convert -30a4 (base 12) to base 16.
-14bc
Convert 4321 (base 5) to base 12.
40a
What is 12133 (base 8) in base 14?
1c83
What is 2a9 (base 16) in base 11?
56a
What is -e71 (base 15) in base 5?
-101011
Convert 252331 (base 6) to base 11.
15a78
30 (base 5) to base 7
21
Convert 541 (base 6) to base 15.
da
What is 2a06 (base 16) in base 14?
3cc6
-1121111010 (base 3) to base 12
-16419
What is -13133 (base 4) in base 11?
-3a6
Convert -20020 (base 4) to base 9.
-637
7670 (base 13) to base 15
4d3e
Convert -22eb (base 15) to base 7.
-30431
What is -21a (base 16) in base 3?
-201221
Convert -111111010110011 (base 2) to base 11.
-22407
Convert 102435 (base 6) to base 2.
10000010110111
-638 (base 9) to base 13
-311
-218b (base 13) to base 10
-4678
Convert -531d (base 16) to base 9.
-32161
5303 (base 7) to base 11
1446
What is 311 (base 12) in base 3?
121111
Convert 22320100 (base 4) to base 3.
2021010101
What is -12557 (base 12) in base 6?
-311351
Convert -320 (base 15) to base 2.
-1011000001
Convert -201110 (base 3) to base 9.
-643
What is -11000120 (base 3) in base 2?
-101101110011
1211212 (base 3) to base 7
3632
What is -34114 (base 10) in base 12?
-178aa
What is a901 (base 15) in base 10?
35776
What is -28b6 (base 15) in base 16?
-2211
Convert -534 (base 9) to base 2.
-110110100
Convert -33300 (base 8) to base 11.
-a592
What is -4165 (base 7) in base 2?
-10110111100
Convert 34e4 (base 16) to base 7.
54322
Convert d8b (base 15) to base 5.
44211
2b5 (base 12) to base 14
225
-4524 (base 6) to base 15
-4aa
1275 (base 13) to base 8
5107
Convert 12e90 (base 15) to base 12.
2b130
What is 1406 (base 7) in base 2?
1000100001
13608 (base 10) to base 6
14